 4. Suppose 4*k = 9*k + 3*q - 57, -2*q - 19 = -3*k. Suppose k = -c - n*c, h - 5*c = 113. What is the units digit of h?
8
Let o be (-4)/(-6) + (-8144)/(-6). Let r = o + -928. What is the hundreds digit of r?
4
Suppose 2*f - 2*c = -6, 3*f - 2*c = -3 - 4. Let k be (-2)/1 - (f + -1747). What is the units digit of (k/(-6))/((-2)/((-4)/(-3)))?
4
Let t(s) = s**2 - 18*s - 34. Let d be t(20). What is the tens digit of ((-648)/15)/(d/(-20))?
4
Suppose 3*m - 2*i = 13196, 4*m - 10981 - 6659 = -3*i. What is the thousands digit of m?
4
Let u(s) = -28*s + 4983. What is the units digit of u(0)?
3
Suppose 0 = -4*m + 2*m + 2*o - 10, 3*m + 15 = -5*o. What is the hundreds digit of 268 - (m/5 - -4)?
2
Let t = -82 + 82. Suppose -2*i + h - 314 = t, i - 4*h = -168 + 18. Let l = i + 289. What is the tens digit of l?
3
What is the hundreds digit of (-5351090)/(-130) + 1 + 3/(-13)?
1
Let l(y) = -36*y + 10 + 13 + 14 - 36. Suppose -4*s - 7 = w, -19 = 2*w + 3*w + 4*s. What is the units digit of l(w)?
9
Suppose -4*w + 380418 = 1276*i - 1271*i, -w - 76089 = -i. What is the thousands digit of i?
6
Suppose a + 2*b - 2029 = 1536, -10735 = -3*a + 2*b. What is the tens digit of a?
7
What is the tens digit of (-8)/1 - (-13759 - (1 + 1))?
5
Suppose 4*s - 1007 = 3*v - 0*s, -2*v - 3*s - 643 = 0. Let p = v + 556. What is the units digit of p?
7
Let f(u) = 65*u**2 - 326*u + 5. Let k be f(5). Let l be -1 + -371*1*-1. Suppose -3*v - 2*v + l = k. What is the units digit of v?
4
What is the tens digit of (-1769445)/(-75) - 91/(-65)?
9
What is the thousands digit of 88/(13/(-90) - 89/(-445))?
1
Let s = 18762 - 11034. What is the hundreds digit of s?
7
Let d = -6567 - -11955. What is the tens digit of d?
8
Let j(s) = 354*s - 502. What is the thousands digit of j(19)?
6
Let n = -457 + 773. Let z = -171 + n. What is the tens digit of z?
4
Suppose 7*w + 3*r + 45 = 8*w, 0 = w - 4*r - 45. Suppose 21*v = w*v - 21816. What is the units digit of v?
9
Suppose 260211 = 27*j - 344940. What is the units digit of j?
3
Suppose 1076*s - 1105*s + 135662 = 0. What is the hundreds digit of s?
6
Suppose -42*u = -16*u + 67*u - 815331. What is the tens digit of u?
6
Let c(o) = -5*o**2 + 20*o + 8. Let a = -5 + 9. Let i(z) = 6*z**2 - 19*z - 9. Let b(n) = a*i(n) + 5*c(n). What is the units digit of b(19)?
9
Suppose -4*n - 5*m + 52959 = 0, -39381 - 333 = -3*n - 2*m. What is the units digit of n?
6
Suppose 58*w - 31 = 55*w + m, 5*m - 7 = -3*w. What is the hundreds digit of (w + (-182)/14)/((-4)/586)?
5
Let b = 416 + -500. Let g = b - -293. What is the tens digit of g?
0
Let s = -138 + 141. Suppose -s*v + 237 = -69. What is the units digit of v?
2
Let l be (-980)/56*(-96)/15. Suppose 0 = -5*n + q + 5542, -992 - l = -n - 2*q. What is the hundreds digit of n?
1
What is the ten thousands digit of -3*1*((11 - 1 - 3437) + -10)?
1
Let t(g) = 2*g**2 - 19*g - 253. Let k be t(-17). Suppose k = 102*f - 101*f. What is the units digit of f?
8
What is the tens digit of (485860/204)/(2/6)?
4
Let u be 2 - 1*(-454)/2. Let r(n) = -10*n - 65. Let g be r(-7). Suppose g*l = -69 + u. What is the tens digit of l?
3
Let w(f) = -2*f + 58. Let m be w(28). Suppose -m*t + 6 = -5*t. What is the units digit of 0 + 8*(23 + t)?
8
Let u be (-56 + 45)/((2/(-84))/(-1)). Let q = 1379 + u. What is the units digit of q?
7
Let b(x) = 316*x + 55. Let o be b(0). Suppose -128 = -w - 3*w. Let m = o + w. What is the tens digit of m?
8
Let p = 14952 + -5456. What is the thousands digit of p?
9
Suppose 17*w - 498 = 18*w. Let x = -211 - w. What is the hundreds digit of x?
2
Suppose 38 = c + 42. Let s(u) = -5*u**3 + 5*u**2 - u - 8. What is the tens digit of s(c)?
9
Let t = 26 - 24. Let a be (12/(-5))/(t/(-255)). Suppose -5*v = 3*h - 510, 3*v + 0*v - 5*h = a. What is the tens digit of v?
0
Let o(t) be the second derivative of t**4/12 + 2*t**3/3 + 7*t**2/2 - 22*t. Let r be o(-4). Suppose -272 = -r*l + 3*l. What is the tens digit of l?
6
What is the hundreds digit of (-2)/(21/(-491022)*9)?
1
Let i(v) = 7*v - 10. Let l be i(5). Let u = l + -25. Suppose 0*r + 2*h = r - 237, 4*r - 2*h - 966 = u. What is the tens digit of r?
4
What is the tens digit of (-2 - 35/(-10))*2 - (-1218 - 2)?
2
Let b = 205 - 44. Let x = 720 + b. What is the units digit of x?
1
Let f(t) = t**3 - 32*t**2 - 66*t - 80. Let r be f(34). Let b = r - -44. What is the tens digit of b?
3
Let q be (2/(-10))/(4/(-60)). Let o = 63 - 18. Suppose 0*c = -q*c + o. What is the tens digit of c?
1
Suppose -x - y + 1 = 0, 6*y = 7*y - 1. Suppose 3*d - 856 = -4*o, d + x*o - 288 = -2*o. What is the hundreds digit of d?
2
Suppose -2 = -2*p + p - 3*a, 0 = 2*p - 5*a - 4. Suppose p*m = x + m - 611, -2*m = 10. What is the tens digit of x?
0
Let h be 79 + 1*-3 + -5 + 7. Let c = h - 450. Let v = -256 - c. What is the units digit of v?
6
Let u = -1973 + 3315. Suppose -2*w + u = 34. What is the tens digit of w?
5
Let t = -3641 + 6489. What is the tens digit of t?
4
Suppose -7277 = -11*k + 3448. What is the hundreds digit of k?
9
Suppose 0 = -3*f - f - 21*f. Suppose f*k + k = 1332. What is the hundreds digit of k?
3
Suppose -131*v + 2306366 + 7139641 = 315438. What is the ten thousands digit of v?
6
Let p = -2 + 4. Suppose x + p = 0, -r + 3*x = 2*r - 2859. Suppose -5*u + r = -2*t, 6*t - 939 = -5*u + 4*t. What is the units digit of u?
9
Suppose -q + 4*i - 64 = -0*i, 5*i + 370 = -5*q. Let l = -28 - q. Suppose 0 = 4*h - 3*t - 77, 2*h - 2*t - l = -6*t. What is the units digit of h?
0
What is the hundreds digit of (-9)/((-252)/(-8)) - (-68552)/28?
4
Suppose -17*j - 2998 = -2*a - 15*j, 0 = -5*a + 3*j + 7495. Let o = a - 214. What is the thousands digit of o?
1
Let b = 16558 + -9522. What is the tens digit of b?
3
Let d = 3575 + 1745. What is the hundreds digit of d?
3
Suppose -y = -3*n + 28346, n - 41*y = -42*y + 9446. What is the hundreds digit of n?
4
Let p(v) = 2*v**2 - 27*v + 42. Suppose -32 = -2*l + 2*c, c - 7 - 62 = -4*l. What is the hundreds digit of p(l)?
1
Let p(s) = 17*s**2 + 38*s - 244. Let d be p(12). Let n = d - 1644. What is the units digit of n?
6
Let b be 5592/(-14)*(-140)/40. Suppose -c = 4*i - 0*c - 1386, 4*i - 5*c = b. What is the tens digit of i?
4
Let t(a) = 396*a + 957. What is the thousands digit of t(19)?
8
Let y(x) = 34*x**2 - 4*x - 7. Let d(p) = -3*p - 67. Let r be d(-21). What is the hundreds digit of y(r)?
5
Let i(p) = 5*p + 23. Let q be i(-4). Suppose -3*c + 16 = 2*r - 1, q*r = 3*c - 12. Suppose 3*z = c*f - 379, 5*f - 383 = -0*z + z. What is the units digit of f?
7
Let v(z) = z**2 + 9. Let t be v(0). Suppose 4*p = -1 + t. What is the units digit of ((-6)/p)/((1 + 4)/(-215))?
9
Let a = -2611 - -5098. What is the hundreds digit of a?
4
Let m be (9/(-2))/(-4 - (-49)/12). Let o = m + -9. Let y = 209 + o. What is the hundreds digit of y?
1
Let f = 141 + -88. Let u = -50 + f. What is the units digit of u + (2/1 - -69)?
4
Suppose -169*a + 9629282 = -0*a. What is the units digit of a?
8
Let b(m) = 111*m**2 + 121*m - 3. What is the hundreds digit of b(-6)?
2
Let l(h) = -h + 239. Let o be l(9). Suppose 56 = 4*t - 20. Suppose t*z - 14*z = o. What is the tens digit of z?
4
Let x = -16 - -22. Suppose 0 = -x*p + 9*p - 48. Suppose -15*l + p*l - 70 = 0. What is the units digit of l?
0
Let h be (2286/(-27))/(2/(-3)). Let z = h - -153. What is the hundreds digit of z?
2
Suppose -4*w - 3*s - 1 = -3, 3*w + s = -1. Let c = 1 - w. Suppose c*t + 40 = 172. What is the units digit of t?
6
Suppose v - 412 = -417, 3*v + 1030 = k. What is the thousands digit of k?
1
What is the tens digit of (-1)/((-15)/20) - (-45534)/18?
3
Let m(j) = 2*j**2 + 54*j - 221. Let y be m(-48). Suppose -87*l + 2*d + 9011 = -82*l, l - y = 4*d. What is the thousands digit of l?
1
Let x = -46205 + 66510. What is the tens digit of x?
0
Suppose 210600 + 97554 = 3*m + 4*m. What is the units digit of m?
2
Let x(n) = 6868*n - 2738. What is the units digit of x(5)?
2
Suppose -12 = 3*d, u - 3*d - 11 = 6. Suppose 2*q = 4*c - 8, 4 = u*c - q - 9. What is the units digit of ((-154)/21)/(c/(-63))?
4
Let j = -62 + 71. Suppose -j = 4*t - 5*t - 5*w, -4*t = -3*w + 56. Let m(s) = -s**3 - 10*s**2 - 9*s - 27. What is the units digit of m(t)?
3
Suppose 7520 = h - 8088. Suppose -2399 = 21*a - h. What is the units digit of a?
9
Let s(p) = -p**2 + 44*p + 72. Let z be 33 + (-6 